What is d(-7)?
12
Let s(a) = a. Determine s(-7).
-7
Let d(k) = 2*k**2 + 7*k - 7. Calculate d(-5).
8
Let b(m) = -m - 6. Calculate b(-5).
-1
Let y(z) = -z**3 + 13*z**2 - 15*z + 31. Determine y(12).
-5
Let b(p) = -p - 2. What is b(7)?
-9
Let d(q) = q**2 + 2*q - 14. What is d(-4)?
-6
Let f(t) = -t**3 + 4*t**2 - 7*t - 1. What is f(3)?
-13
Let c(o) = o**3 - 5*o**2 + o + 4. Give c(5).
9
Let z(y) = 35*y - 51. What is z(2)?
19
Let h(z) = 19*z**2 + 3*z - 2. What is h(1)?
20
Let l(y) = 2*y**3 + 15*y**2 - 11*y - 33. Give l(-8).
-9
Let p(v) = v**3 - 33*v**2 + 114*v + 64. Give p(29).
6
Let l(d) = -26*d + 3. Give l(0).
3
Let o(f) = -f**2 + 7*f - 5. Give o(1).
1
Let b(v) = -v - 3. Calculate b(4).
-7
Let d(l) = l**2 + 16*l + 12. Give d(-15).
-3
Let c(w) = -w**2 + 19*w - 21. Determine c(17).
13
Let n(q) = q**2 - 6*q + 2. Determine n(8).
18
Let z(r) = -3*r**3 - 5*r**2 + 3*r - 1. Give z(-4).
99
Let i(u) = -u**2 - 16*u + 11. Determine i(-16).
11
Let d(h) = 28*h - 1. Calculate d(1).
27
Let s(j) = 43*j**3 - j**2 + 1. Calculate s(1).
43
Let u(v) = 6*v - 61. Determine u(6).
-25
Let j(b) = -2*b + 15. Determine j(9).
-3
Let h(j) = 3*j**2 - 69*j + 23. Calculate h(23).
23
Let x(k) = 2*k + 30. Calculate x(-13).
4
Let u(v) = v**3 - 14*v**2 + 16*v + 24. Determine u(13).
63
Let q(c) = c**3 + 3*c**2 + 18*c + 35. What is q(-2)?
3
Let b(q) = q - 1. Give b(-1).
-2
Let i(s) = -62*s + 566. Calculate i(9).
8
Let b(k) = 3*k - 7. Determine b(3).
2
Let a(q) = 13*q**2 + 3*q - 1. Calculate a(1).
15
Let o(u) = -u**3 - 3*u**2 + 16*u + 46. What is o(-4)?
-2
Let t(x) = x**2 - 4*x + 6. Give t(4).
6
Let o(i) = -2*i**2 + 10*i - 5. Determine o(7).
-33
Let z(o) = -6*o**3 + 2*o**2 - 1. What is z(-1)?
7
Let r(j) = -2*j**3 - 9*j**2 + 16*j - 10. Calculate r(-6).
2
Let f(m) = m - 10. Give f(17).
7
Let f(s) = 56*s - 107. Calculate f(2).
5
Let s(p) = p**2 + p - 41. Calculate s(0).
-41
Let q(v) = -v**2 - 31*v + 5. Calculate q(0).
5
Let g(y) = -8*y - 94. Determine g(-12).
2
Let d(i) = -2*i**2 - 20*i - 3. Give d(-10).
-3
Let g(l) = -3*l + 27. What is g(10)?
-3
Let c(b) = 9*b**3 - 13*b**2 - 5*b + 4. Determine c(2).
14
Let o(i) = 22*i - 117. Give o(6).
15
Let k(h) = -8*h**3 - 2*h**2 - 2*h. What is k(-1)?
8
Let r(y) = 5*y - 9. Calculate r(7).
26
Let m(w) = w**2 + 9*w - 3. Give m(-10).
7
Let o(z) = z**3 - 12*z**2 + 12*z - 1. Calculate o(11).
10
Let q(v) = v**2 - 26*v - 22. Determine q(26).
-22
Let y(w) = w**2 - w - 33. Give y(-5).
-3
Let b(n) = 2*n**3 - 54*n**2 + n - 61. Give b(27).
-34
Let g(v) = -2*v**3 + 31*v**2 + 48*v + 45. What is g(17)?
-6
Let m(g) = -20*g + 61. Determine m(3).
1
Let d(z) = z**2 + 14*z - 3. Determine d(-13).
-16
Let t(y) = -6*y - 46. Give t(-7).
-4
Let d(o) = 4*o + 25. Calculate d(-25).
-75
Let n(r) = -2*r**3 - 10*r**2 + 12*r + 7. Determine n(-6).
7
Let z(b) = -26*b**3 - b. What is z(1)?
-27
Let h(q) = 15*q**2 - 32*q. Give h(2).
-4
Let r(m) = -m**3 + 20*m**2 + 8. Give r(20).
8
Let d(u) = u**3 + 34*u**2 + 38*u + 157. Determine d(-33).
-8
Let v(x) = 37*x**3 - x**2 - 2*x - 1. What is v(-1)?
-37
Let z(o) = 2*o + 12. What is z(-6)?
0
Let u(c) = -2*c**2 + 23*c - 1. Determine u(11).
10
Let b(z) = 10*z + 80. Give b(-25).
-170
Let s(d) = -4*d + 72. Determine s(18).
0
Let y(p) = p**3 + 5*p**2 + 3*p - 2. Calculate y(-4).
2
Let j(k) = -k**2 + 9*k + 19. Determine j(11).
-3
Let k(z) = -3*z + 23. What is k(3)?
14
Let k(n) = n**3 + 12*n**2 + 3. Calculate k(-12).
3
Let o(g) = g + 1. Give o(5).
6
Let n(q) = -q**2 - 4*q - 6. Calculate n(-6).
-18
Let m(d) = -6*d + 22. Calculate m(8).
-26
Let m(y) = 22*y**2 + 175*y - 4. What is m(-8)?
4
Let r(t) = 12*t**2 - 97*t - 11. Calculate r(8).
-19
Let d(v) = v**3 - 3*v**2 + 3. What is d(3)?
3
Let w(d) = 3*d**2 + 14*d + 9. Calculate w(-4).
1
Let w(g) = 6*g - 32. Give w(4).
-8
Let q(s) = 3*s**2 - s + 3. Determine q(-3).
33
Let f(n) = -4*n + 33. Give f(4).
17
Let g(d) = 10*d + 2. Calculate g(-1).
-8
Let r(i) = 13*i + 13. Calculate r(-8).
-91
Let v(s) = 24*s**3 - 2*s**2 + 2*s + 1. What is v(1)?
25
Let d(m) = -2*m + 30. Determine d(7).
16
Let i(x) = 2*x + 1. Determine i(-12).
-23
Let o(n) = -n**3 + 13*n**2 - 15*n + 41. What is o(12)?
5
Let i(x) = -49*x**3 + 2*x**2 - 1. What is i(-1)?
50
Let o(k) = k**3 - 7*k**2 - 10*k + 12. Calculate o(8).
-4
Let c(z) = -z**2 + 2*z - 1. Determine c(7).
-36
Let g(h) = -2*h - 31. Determine g(-15).
-1
Let x(t) = -t**3 + 11*t**2 - 23*t - 5. What is x(8)?
3
Let o(x) = 15*x + 176. What is o(-11)?
11
Let z(l) = 2*l + 30. Determine z(-15).
0
Let b(k) = 14*k + 1. Give b(-3).
-41
Let k(a) = -2*a**2 + 3*a - 4. What is k(5)?
-39
Let v(o) = o**3 - 13*o**2 + 3*o - 14. Calculate v(12).
-122
Let g(o) = -o**3 + 2*o**2 + 2*o + 3. Give g(-2).
15
Let g(j) = -j**2 + 37*j - 348. Give g(18).
-6
Let d(v) = v**3 - 4*v**2 - 8*v + 6. Calculate d(6).
30
Let t(l) = 3*l - 64. Determine t(15).
-19
Let o(u) = -11*u - 8. Determine o(-6).
58
Let r(b) = -b**3 - 18*b**2 + 18*b - 17. Determine r(-19).
2
Let m(k) = k**2 + 22*k - 47. Calculate m(-25).
28
Let h(c) = -c**3 - 9*c**2 + 7*c - 40. Calculate h(-10).
-10
Let i(x) = x**2 - 14*x - 11. Calculate i(15).
4
Let t(j) = -67*j - 734. Determine t(-11).
3
Let g(a) = -a**2 + 9*a + 20. What is g(17)?
-116
Let b(l) = l**3 + 14*l**2 + 12*l - 14. Calculate b(-13).
-1
Let r(p) = p**2 - 18*p - 31. What is r(20)?
9
Let h(y) = -8*y + 27. What is h(7)?
-29
Let i(q) = -11*q - 15. Determine i(-4).
29
Let v(t) = -t**2 - 11*t + 5. What is v(-8)?
29
Let h(p) = 5*p + 27. Calculate h(-5).
2
Let m(p) = p**3 + 9*p**2 + p - 6. What is m(-10)?
-116
Let g(m) = m**2 + 2*m - 174. Give g(0).
-174
Let a(t) = t - 28. Calculate a(12).
-16
Let c(p) = 2*p**3 - p**2 - 2*p - 1. Calculate c(2).
7
Let o(w) = 2*w**3 + 5*w**2 - 2*w + 6. Calculate o(-4).
-34
Let f(d) = d**3 - 9*d**2 - 11*d + 9. What is f(10)?
-1
Let h(o) = -2*o + 35. Determine h(0).
35
Let j(s) = s**3 - 5*s**2 - s - 20. What is j(6)?
10
Let x(i) = i**3 - 9*i**2 - 2*i + 9. Calculate x(9).
-9
Let v(g) = g**2 + 28*g + 128. Give v(-8).
-32
Let a(h) = -22*h - 3. What is a(-2)?
41
Let b(j) = -38*j + 27. Calculate b(7).
-239
Let a(v) = -v**2 - 7*v - 5. What is a(-5)?
5
Let b(l) = -l**3 + 6*l**2 + 2*l - 5. What is b(6)?
7
Let r(q) = 4*q + 6. Determine r(-5).
-14
Let k(r) = -r**2 + 17*r + 26. Calculate k(19).
-12
Let o(a) = -a**2 + 4*a - 2. Determine o(-4).
-34
Let m(b) = b**2 + 14*b - 8. What is m(-14)?
-8
Let f(z) = -9*z**2 - 10*z - 22. What is f(-3)?
-73
Let g(d) = 15*d**3 + 3*d**2 - 3*d. What is g(2)?
126
Let h(t) = t**3 - 4*t**2 + 3*t - 34. Calculate h(5).
6
Let m(l) = 2*l**3 + 23*l**2 + 12*l - 9. Determine m(-10).
171
Let p(c) = -3*c + 3. Give p(-2).
9
Let j(y) = y**3 - 5*y**2 + 3*y - 2. Calculate j(2).
-8
Let k(z) = z + 11. Give k(-8).
3
Let a(p) = -2*p**2 - 12*p - 1. Calculate a(-8).
-33
Let c(b) = 4*b - 177. Give c(44).
-1
Let o(z) = 2*z**3 - z**2 + 1. Determine o(-1).
-2
Let z(y) = y - 10. Determine z(4).
-6
Let j(p) = 10*p + 155. What is j(-15)?
5
Let o(n) = 15*n - 26. Determine o(4).
34
Let i(l) = 10*l**2 - l. What is i(-1)?
11
Let v(f) = -f - 45. Determine v(-23).
-22
Let h(p) = -9*p - 27. Give h(-3).
0
Let k(p) = p**2 + 3*p - 12. Determine k(-7).
16
Let v(o) = o**3 + 8*o**2 + 11*o - 5. Calculate v(-8).
-93
Let p(t) = -6*t + 5. Determine p(-6).
41
Let k(n) = -26*n**2 + n. Calculate k(1).
-25
Let z(b) = 2*b + 9. Calculate z(4).
17
Let y(p) = -p**2 + 11*p + 12. What is y(8)?
36
Let r(k) = -2*k**2 - 30*k - 8. Determine r(-15).
-8
Let r(q) = -4*q + 168. What is r(29)?
52
Let a(s) = s - 22. Calculate a(21).
-1
Let n(s) = -s**3 - 2*s**2 - 4. Give n(0).
-4
Let b(c) = c**3 + 12*c**2 - 3*c + 8. What is b(-12)?
44
Let t(z) = 51*z + 413. Calculate t(-8).
5
Let o(w) = 16*w - 1016. Calculate o(63).
-8
Let q(t) = -t**3 - t**2 + 7*t + 14. Calculate q(0).
14
Let m(k) = -k**3 + 8*k**2 + 8*k + 2. Give m(9).
-7
Let w(y) = -y**3 + 9*y**2 + 8*y - 5. What is w(10)?
-25
Let i(w) = -5*w + 3. Determine i(3).
-12
Let r(d) = -d**3 - 9*d**2 + 9*d - 14. Determine r(-10).
-4
Let d(l) = 73*l - 131. Determine d(2).
15
Let z(g) = -7*g + 16. Give z(-8).
72
Let r(v) = 13*v + 4. Give r(3).
43
Let q(d) = -24*d**3 - 2*d**2 - d. Give q(-1).
23
Let t(h) = -4*h + 3. Give t(5).
-17
Let j(y) = y**2 + 12*y + 21. Give j(-8).
-11
Let b(c) = 6*c**2 + 2. Give b(1).
8
Let y(c) = -c**3 + 3*c**2 - c + 23. What is y(4)?
3
Let l(j) = j - 18. 